ose -37 = 5*t + 3*d, -2*d + 4*d - 12 = p*t. What is the units digit of 42 - (4 + t + -1)?
4
Suppose -19*r + 5681 = -18221. What is the units digit of r?
8
Let t be (-10)/(-8)*(-3 + 7). Suppose 0 = k - 4*b - 17, -4*k + 14 = t*b - 75. What is the units digit of 873/k - (-6)/14?
2
Let o be (-33)/6 + (-2)/(-4). Let r(y) = -y - 3. Let l be r(o). Suppose -l*s - z - 4 = -5*z, 0 = -3*s + 2*z + 6. What is the units digit of s?
4
Let m = 675 + 108. What is the units digit of m?
3
Let z be 9/(-3) + (-2 + -1 - 26). Let i = 32 - z. What is the tens digit of i?
6
Let p = 2218 - 1399. What is the tens digit of p?
1
Let i be (-4)/(-2) + 7*-2. Let h = i - -14. Suppose -v + 2*v - 22 = -5*p, -5*v = -h*p - 2. What is the units digit of p?
4
Suppose 371574 = 51*k + 75*k. What is the thousands digit of k?
2
Suppose 2*z + 33 = -z. Let k = z - -22. Suppose 14*f - 15 = k*f. What is the units digit of f?
5
Suppose 6 = -3*u - 0. Let h be -13 + (0 - -1) + u. What is the units digit of (-1)/2 + (-77)/h?
5
Suppose 4*t - 7*t = 0. Suppose 3*m - 6*m + 6 = t. Suppose 2*f + m*x - 3 = f, -f - x + 2 = 0. What is the units digit of f?
1
Let d = 743 + -470. What is the tens digit of d?
7
Suppose 0 = -2*a + 49 + 41. Let v = a - 31. What is the units digit of 2/v - 1529/(-77)?
0
Suppose 35*k - 64 - 2246 = 0. What is the tens digit of k?
6
Let z(i) = i**3 - 2*i**2 - 3*i + 6. Let t be z(3). Let b be (-1)/t - 4/(-24). Suppose -4*m + 3 + 9 = b. What is the units digit of m?
3
Suppose -4*d = 3*c + 340 - 1642, -c - 5*d = -445. What is the hundreds digit of c?
4
Suppose 3*t + 303 = 5*z - 32, -4*z + 246 = 2*t. Suppose 6*u - 2*u - z = 0. Suppose -46 = -2*j - 3*s - u, -41 = -5*j + s. What is the units digit of j?
9
Suppose 4 = -k + 2*k. Let a(m) = m**3 + m**2 - 4*m + 5. Let w(y) = -2*y**3 - y**2 + 7*y - 10. Let r(l) = -7*a(l) - 4*w(l). What is the units digit of r(k)?
1
Let d be 12/(-24) + 322/(-4). Let i = -39 - d. What is the units digit of i?
2
Let z(o) = 158*o**2 + 19*o - 32. What is the tens digit of z(4)?
7
Let d(b) = b**2 - 2*b + 2. Suppose 0 = -3*n - 0*v + 3*v + 21, -n = 5*v + 23. Suppose -4*u = 0, -4*u - 1 = n*r - 13. What is the units digit of d(r)?
6
What is the hundreds digit of ((-8)/10)/((-4)/870)?
1
Let s(q) = q - q**3 + 2*q**3 + 0*q - 10*q**2 + 10. Let o(b) = -b**2 - 7*b + 418. Let n be o(17). What is the units digit of s(n)?
0
Suppose 84 = -0*f - 4*f. Let y(k) = k**3 - 9*k**2 - 6*k - 6. Let r be y(10). Let i = r + f. What is the units digit of i?
3
Suppose 4*b = -3*r, 3*r - 2*b + 5*b = 0. Let q(s) = 16*s**2 + 27 + s**3 - 26*s**2 + 11*s**2 - s. What is the tens digit of q(r)?
2
Let o = 20 + -18. Suppose 0 = -0*s - 2*s - o. What is the units digit of s - ((-81)/(-3))/(-3)?
8
Let u(x) = x - 11. Let v be u(6). Let o(y) = -2*y**2 + 6*y - 1. Let w be o(4). Let h = v - w. What is the units digit of h?
4
Suppose 10 = 3*l - 5. Suppose d + 4*r = -10, -3*d + l*r - 2*r + 45 = 0. Suppose 0 = 2*t + 10, d = 4*o - 2*t + 4*t. What is the units digit of o?
5
Suppose -3*c + 628 = -5*x - 7*c, -x + 4*c = 140. Let n be 1 - 10/14 - 1080/105. What is the units digit of x/n + (-5)/(-25)?
3
Suppose 0*c - c = 1. Let o be (-35)/(-21) - c/3. Suppose r - 2*k = o - 0, 3*k - 17 = -r. What is the units digit of r?
8
Let q(j) = -j**3 - 22*j**2 + 95*j - 9. What is the thousands digit of q(-31)?
5
Let a be (-4)/(-2) + (5 - -52). What is the tens digit of 3 + a - (-8)/(-4)?
6
Let d = -13 - -19. Let y be 6/(d/2) + -2. Suppose y = 5*o - 30 - 45. What is the units digit of o?
5
Let b = -3911 + 6376. What is the thousands digit of b?
2
Suppose q = -2, 2*x = x - q - 67. Let k(f) = f - 6. Let y be k(8). What is the tens digit of y/(-10) + (-1378)/x?
2
Let m be 6/(3 - (-56)/(-18)). Let a = m - -119. Suppose -5*d = -3*k + 2*k - 85, -5*d - 3*k = -a. What is the tens digit of d?
1
Suppose k = 2*i + 4*k - 25, 3*i = -2*k + 25. Suppose -i*b + 2*b + 315 = -2*r, -2*b + 2*r + 212 = 0. What is the units digit of b?
3
Suppose -14*u = -12*u - 130. What is the hundreds digit of (1 + (-12)/(-3))*u?
3
What is the units digit of (-6)/(-4)*(-5 - 1370/(-6))?
5
Suppose 99*f = 89*f + 700. What is the tens digit of f?
7
Suppose -5*y + g + g = -16, -2 = y - 3*g. Suppose 0 = -z - y*z + 180. What is the units digit of z?
6
Suppose 60*k - 64*k + 4*l + 736 = 0, 2*l = -k + 193. What is the units digit of k?
7
Let d(t) = 6*t - 9. Let l(g) = 2*g**2 - 6*g + 3. Let s be l(4). Suppose -3*i + 7 = y, 0 = 2*y + 7*i - 4*i - s. What is the units digit of d(y)?
5
Let h be -72*(-3 - 36/(-16)). Suppose y + 0*k + 2*k - h = 0, 5*y - 2*k - 258 = 0. Suppose 3*l = 2 + y. What is the units digit of l?
8
Suppose 2*c + 2*t = -3*c + 2350, -3*c - 3*t = -1401. What is the hundreds digit of c?
4
Let l(t) = 17*t**2 - 2*t + 3. Let z be l(3). Suppose -650 = -5*r - z. What is the units digit of r?
0
Let n = -84 - -119. Suppose 0 = -2*j + 15 + n. Suppose 37 = 5*y - 3*z - 124, -y = -3*z - j. What is the units digit of y?
4
Suppose 20439 = 9*u - 5*u - q, 5*q + 15 = 0. What is the hundreds digit of u?
1
Let x(g) = -5*g + 15. Suppose 0 = -0*k - k - 15. Let c be x(k). Suppose -3*s = -6*s + c. What is the units digit of s?
0
Let v = -94 - -107. Let c be (-9 - -3)/(-2) + 9. What is the tens digit of v/4*(c + 0)?
3
Suppose -2*x = -5*g - 367, -3*g + 382 = 2*x - 5*g. Suppose -5*y + 2*y = -m + 53, 4*m - x = 4*y. Let a = m + -28. What is the tens digit of a?
1
Suppose -q - q + 6 = 0, 295 = 2*k + 5*q. What is the hundreds digit of k?
1
Let w(x) = -5*x + 22. Let f be w(6). Let l(k) = k**2 + 8*k + 5. Let h be l(f). Suppose -5*u = -5*b + 70, h*u - 9 = 2*b - 25. What is the tens digit of b?
1
Let t(w) = -2 - 3 - 2 + w. Let n be t(13). Suppose -26 = 4*j - n*j. What is the units digit of j?
3
Let f = -1523 + 4743. What is the hundreds digit of f?
2
Let h(w) = 13*w - 24. Let q(x) = x**2 + 14*x + 10. Let s be q(-14). What is the hundreds digit of h(s)?
1
What is the thousands digit of (-2)/(-3) + (-18)/162*-33105?
3
Suppose -3*u + 5 = -4. Suppose u*r + 306 = 6*r. Let y = r + -67. What is the tens digit of y?
3
What is the units digit of (-10258)/(-19) + 34/323?
0
Let b(j) = -j**3 + 10*j**2 - 10*j + 6. Let f be b(9). Let k(t) = -4*t - 2. Let r be k(f). Suppose 4*i - r = 6. What is the units digit of i?
4
What is the units digit of (-18207)/(-27) + (-1)/3?
4
Let y be 36/(-30)*20/(-6). Suppose -2 + 18 = y*p. Suppose 0*c = p*c - 136. What is the tens digit of c?
3
Let u(z) = 8*z - 4 + 0*z + z. Let l be u(-2). Let n = 28 - l. What is the tens digit of n?
5
Let j(c) = 105*c - 391. What is the units digit of j(12)?
9
Let u = 5 - -614. What is the units digit of u?
9
Let b = -46 + 55. Suppose -3*p - b = 0, w + 56 = p + 215. What is the hundreds digit of w?
1
Let z(a) = 103*a**3 + 2*a**2 - 2*a. What is the hundreds digit of z(2)?
8
Let d = 8 + -8. Let m(f) = -f**3 - f**2 + f + 19. What is the units digit of m(d)?
9
Let i = -12 - -7. Let b = -6 - i. Let g(a) = 13*a**2 + a. What is the tens digit of g(b)?
1
Let y = -12 - -80. Suppose 0 = 2*k - 94 - y. Let j = k - 24. What is the tens digit of j?
5
Let r = 689 + 1671. What is the hundreds digit of r?
3
Suppose -28*u = -5212 - 13912. What is the tens digit of u?
8
What is the units digit of 640 + (-5 - -2)/3*6?
4
Suppose -12*b = -15*b. Suppose b = -2*q + 77 - 17. What is the units digit of q?
0
Let g = 2689 - 1529. What is the hundreds digit of g?
1
Let j(u) = -u**3 + 8*u**2 + 3. Let r be j(8). Suppose -r*c - 3*c = -546. Suppose 3*b - 2*g - 71 = 0, 5*b + g - 23 = c. What is the units digit of b?
3
Let i = 15 - 11. What is the hundreds digit of 3/(54/i) - 1519/(-9)?
1
Let b(q) = q**3 + 17*q**2 + 17*q + 16. Let f be b(-14). What is the tens digit of (f/(-9))/(6/(-27))?
8
Let m = 4 - 0. Let p(s) = -10*s - 6. Let w be p(-12). Suppose g - m*g = -w. What is the units digit of g?
8
Suppose -6*k = -7*k + 2. Suppose -75 + 231 = k*q. What is the tens digit of q?
7
Let u = 9 + -6. Suppose -u*t = -3*x - 4*t + 10, 0 = -x + 4*t - 1. Suppose -2*z + 3*i = -x*z + 39, -z = -i - 23. What is the units digit of z?
7
Let b = 0 - -78. Suppose 0 = b*x - 77*x - 115. What is the units digit of x?
5
What is the hundreds digit of 39078/72 + 3/12?
5
Let y = 739 - 531. What is the units digit of y?
8
Let i(c) = c**3 - 27*c**2 + 128*c - 30. What is the thousands digit of i(24)?
1
Supp